 3*g - 2. Let c be j(2). Suppose 0 = 2*y + 3*y - c. Let a = y - -1. Calculate the greatest common divisor of 68 and a.
17
Let x(t) = t**3 + 38. Let w be x(0). Let a be 2/7 + 144/(-63). Let b be 19*a*21/(-14). What is the highest common factor of b and w?
19
Let y(f) = 7*f**2 + 30*f + 84. Let x be y(-3). What is the greatest common divisor of 399 and x?
57
Let k be (1 - -25) + 5 + -3. Let q = -23 + k. What is the highest common factor of 1 and q?
1
Suppose 27*l - 25*l - 120 = 0. What is the highest common factor of l and 380?
20
Suppose 38*s - 48 = 36*s. What is the greatest common factor of 24 and s?
24
Let v(f) = 2*f**2 + 7 - 4*f**2 + 4*f**2 - f. Let y be v(3). What is the greatest common divisor of 44 and y?
22
Let b(v) = -v**3 + 2*v**2 + 4*v - 1. Let m be b(3). Let d(c) = 3*c - 5. Let g be d(m). What is the highest common factor of 1 and g?
1
Let a be (-3 - -5) + 19*6. Let m(c) = 2*c**2 - 11*c + 8. Let i be m(7). What is the highest common factor of a and i?
29
Let x be (2/4)/(2/256). Let y be (-468)/(-14) + (0 - 6/14). Let b = 41 - y. What is the greatest common divisor of b and x?
8
Let s be -12*(1 - ((-21)/(-9) - 1)). Let c be 46 - (2 - 0 - s). Calculate the greatest common divisor of 120 and c.
24
Suppose -m + 4*b + b - 12 = 0, -2*m + 3*b = 38. Let r = m - -28. Let a be 88/6 - 4/r. Calculate the highest common factor of 28 and a.
14
Let o be ((-1032)/(-18))/(2/3). Let x be 8/36 - o/(-18). Suppose -4*m = -8, 3*d + 0*m - m = 133. Calculate the highest common factor of d and x.
5
Suppose 0 = -160*m + 152*m + 560. Calculate the greatest common divisor of 20 and m.
10
Suppose 0 = -y - y + 30. Let x(p) = -5*p + 0*p**2 + 11*p**2 - 4 + p - 2. Let k be x(-3). Calculate the greatest common factor of k and y.
15
Let a be 4/(-6) + (-654)/18. Let p = 54 + a. Suppose 0 = -q + 5*y + 192, -3*q + 2*y = -2*y - 565. What is the highest common factor of p and q?
17
Let z be -1 - -4 - (-5 - -9). Let u = z - 1. Let w(o) = -8*o - 1. Let c be w(u). What is the greatest common divisor of 45 and c?
15
Let a be ((-6)/13)/((-93)/806). What is the greatest common divisor of a and 64?
4
Let g be 4/6 + (-1339)/(-39). What is the highest common divisor of 70 and g?
35
Let g = 16 - 43. Let z = g + 27. Suppose -a + z*a + 8 = 0. What is the greatest common factor of 20 and a?
4
Suppose -c + 94 = 4*c + 2*x, 4*c + x = 74. Suppose 38*a - 801 = 225. Calculate the highest common factor of a and c.
9
Suppose -y + 5 = -2. Let u = y + -3. Let n be 0 + 6 + 31 + -29. Calculate the greatest common divisor of u and n.
4
Let w = 41 - 16. Suppose 0 = 6*t - 1257 + 207. Calculate the highest common divisor of t and w.
25
Let t be (2/4)/(-16 - 5475/(-342)). What is the greatest common divisor of t and 114?
57
Let n be 0*(-2 + (-10)/(-4)). Let k be -1 - (n + -2 + -1). Let t(f) = 3*f - 45. Let l be t(16). What is the greatest common divisor of l and k?
1
Suppose -2683 - 8783 = -26*g. Calculate the highest common divisor of 539 and g.
49
Suppose 34*m = 32*m - 896. Let j be m/(-6) - ((-32)/6 - -6). What is the greatest common factor of 2 and j?
2
Let a(p) = 3*p - 1. Let g be a(1). Let o be 4/g - (-36)/3. Let c(b) = 2*b**2 - 16*b - 45. Let k be c(-3). What is the highest common factor of k and o?
7
Let t(k) = 10*k + 376. Let h be t(-35). Calculate the greatest common factor of 32 and h.
2
Let a(v) = -14*v + 102. Let k be a(5). Calculate the greatest common factor of k and 80.
16
Let t(y) = y + 22. Let h(g) = -g + 7. Let n be h(-17). Let a be t(n). What is the highest common divisor of a and 69?
23
Suppose -b + 137 = 5*g - 0*g, b + 31 = g. Let v be (-2)/6*(3 + -9). Suppose -3*c = -c - 8, v*w = -c + 12. What is the highest common factor of g and w?
4
Let v = 2910 + -2880. What is the greatest common factor of v and 145?
5
Let m(f) = -f**2 - 51*f - 622. Let n be m(-25). Calculate the greatest common factor of 434 and n.
14
Let s = 47 + -40. Suppose s*g - 8*g = 3*h - 46, -5*h = -2*g + 70. What is the highest common divisor of 5 and g?
5
Suppose -8*l + 90 = -6*l. What is the highest common factor of l and 105?
15
Suppose -h = -0*h - 16. Let d = -25 - -57. Let c be 32/3*144/d. What is the highest common divisor of c and h?
16
Suppose 3*j - 7*j = 3*j. Suppose j*v = -3*v + 387. What is the greatest common factor of v and 86?
43
Let z be ((-18)/(-8) - 2)/((-1)/(-8)). Suppose 0 = z*j + b - 0*b - 309, j - 157 = -3*b. What is the highest common factor of j and 14?
14
Suppose 5*z = -i - 7, 0 = -2*z + z - 2. Let w = 163 - 136. What is the highest common divisor of i and w?
3
Let q(l) = l**2 - 19*l - 18. Let c be q(25). Suppose 3*k + 3*a - 252 = 0, k - 256 = -2*k - 2*a. What is the greatest common factor of k and c?
44
Suppose -3*i = 4*s - 1136, -6*s + 345 + 795 = 3*i. What is the greatest common divisor of i and 47?
47
Suppose 0 = -0*r - 2*r + 132. Let d = r + -54. Calculate the highest common divisor of d and 8.
4
Let l = 347 + -321. What is the greatest common factor of l and 429?
13
Let q be (28/10)/((-1)/(-5)). Let o be 11/88 - 3582/(-16). Suppose 0*p = -3*p, 2*d + 2*p - o = 0. What is the greatest common factor of q and d?
14
Let r be -1 + 3/12*4. Suppose c + 0*c - 42 = r. Let w be (c/4)/(7/28). Calculate the greatest common factor of w and 14.
14
Let w = 1668 - 1413. Calculate the greatest common divisor of 90 and w.
15
Let m be (-11)/44 + (-171)/(-12). What is the greatest common divisor of 4 and m?
2
Let j be (3 + 8)/((-1)/(-31)). Suppose -15*t + 236 = -229. Calculate the greatest common divisor of t and j.
31
Let y(z) = -4*z - 53. Let i be y(-18). Let f = 134 + -58. What is the highest common factor of i and f?
19
Let p = 65 + 301. Suppose 3*x - p + 102 = -3*f, -4*x - 8 = 0. Suppose -3*k + 104 = -t + 1, 4*t + 124 = 4*k. Calculate the highest common divisor of f and k.
18
Let x = 2 - 2. Suppose x = -5*c + 79 + 11. Let q = c + 36. Calculate the highest common divisor of q and 6.
6
Suppose 678*z = 679*z - 7. Let n = 3 - 3. Suppose -m + 5 = n, 0*m = 5*g - m - 30. What is the highest common factor of g and z?
7
Let i = 1 - -1. Let x be 5/20*(i + 114). Suppose -4*f + 234 - 2 = 0. What is the greatest common factor of f and x?
29
Suppose 16*s - 240 = -4*s. Let v(j) = j**2 + 2*j + 4. Let p be v(-4). What is the greatest common divisor of s and p?
12
Suppose 5*l + v + v - 225 = 0, -2*v - 225 = -5*l. Calculate the greatest common factor of l and 81.
9
Let i(p) = -p**3 + 13*p**2 - 9*p + 15. Suppose -5*a = -5 - 55. Let c be i(a). Calculate the highest common factor of 34 and c.
17
Let m(j) = -3*j**2 + 14*j + 17. Let u be m(5). What is the highest common factor of 1 and u?
1
Suppose 25*b - 48 = 21*b. Suppose 2*u - 11 = 37. Calculate the highest common factor of u and b.
12
Let v(l) = 44*l - 81. Let t be v(2). Calculate the highest common factor of 7 and t.
7
Let d = 5020 - 4836. Let v(x) = 7*x + 2. Let t be v(3). Calculate the greatest common factor of t and d.
23
Let w = 19 - -4. Suppose 0 = -w*g + 12*g + 1881. What is the highest common factor of 9 and g?
9
Let n = -8 - -10. Let v be 8 - ((-15)/(-9) - n)*-3. Calculate the greatest common divisor of v and 35.
7
Let y(s) = s**3 + 38*s**2 - 38*s + 59. Let u be y(-39). What is the greatest common factor of u and 10?
10
Let w(z) = -z**3 - 7*z**2 - 2*z + 6. Let h be w(-7). Let r = 14 - 72. Let u = 108 + r. Calculate the highest common factor of h and u.
10
Let n(c) = -11*c - 15. Let g(y) = -y**3 - 2*y**2 + y. Let u be g(-2). Let v be n(u). What is the highest common divisor of 21 and v?
7
Let y(j) = 21*j**2 - 5*j + 5. Let b be y(1). Suppose -c = 3*c - 56. Calculate the highest common factor of b and c.
7
Suppose 0 = -11*o + 13*o - 130. Suppose -61 = -s + o. Suppose 6*y - s = -y. What is the highest common divisor of 45 and y?
9
Let r = -2 + 98. Let n(u) = 4*u**2 + 82*u - 30. Let a be n(-21). What is the highest common factor of a and r?
12
Let d = -274 - -171. Let q = 133 + d. Calculate the highest common factor of 5 and q.
5
Let h(x) = x**3 - 12*x**2 + 9*x + 26. Let f be 40/(-16)*(-12)/(-10) + 14. Let n be h(f). Calculate the greatest common factor of 32 and n.
4
Suppose 0*c = 2*c - 6. Let z be (3 + -3)/c + 34. Suppose -6120 = 15*x - 35*x. Calculate the greatest common factor of z and x.
34
Let o = -1024 + 1188. What is the greatest common divisor of 41 and 